se -3*m + 6*m = 12. Let w be o(m). Calculate the highest common divisor of w and 15.
15
Let f(x) = -x - 5. Let k be f(-4). Let j be (k/2)/(4/(-40)). Suppose 5*t + 23 + 120 = 2*p, -j*p + 2*t = -326. What is the highest common divisor of p and 16?
16
Let p = -38 + 53. Calculate the greatest common divisor of 20 and p.
5
Let p(v) = -2*v + 1. Let a be p(-3). Calculate the greatest common factor of 56 and a.
7
Let g(x) = -x**3 + 9*x**2 - 5*x + 6. Let b be g(4). What is the greatest common divisor of 6 and b?
6
Let t = -19 - -29. What is the greatest common divisor of t and 5?
5
Let q be 2*(-18)/(-10)*-45. Let z = q - -232. Suppose 5*t = 5*s + 135, 41 = 2*t + 5*s - 20. Calculate the highest common factor of z and t.
14
Let j = 81 - 64. What is the greatest common divisor of j and 153?
17
Let g(c) = c. Let o(u) = -4*u**3 + u + 2. Let b(z) = -2*g(z) + o(z). Let y be b(-2). What is the highest common divisor of y and 12?
12
Let q(u) = -u**3 + 12*u**2 - 11*u + 3. Let o be q(11). Suppose o*a + 7 - 43 = 3*d, -12 = -a + 3*d. Calculate the greatest common factor of a and 108.
12
Let z(n) = n**2 - 6*n - 27. Let m be z(11). Calculate the highest common divisor of 252 and m.
28
Let m(c) = c**2 + 13*c + 10. Let d be m(-8). Let k = 58 + d. What is the highest common divisor of 14 and k?
14
Suppose 5*u = -6 - 14. Let h be 28/3*(-6)/u. Let l = -20 + 34. What is the highest common factor of h and l?
14
Let p = -13 - -25. Suppose -5*x + 4*f + 556 = 0, x = 5*f + 113 + 15. What is the highest common factor of p and x?
12
Suppose 183 - 23 = 2*h. Let l = h - 45. Let i = l + -19. What is the highest common divisor of 112 and i?
16
Suppose -t + 13 = -q, -23 - 5 = -2*t + q. Suppose 0*d + 5*g = 3*d + 1, 2*d = -4*g + 14. What is the highest common factor of d and t?
3
Let w(b) = -b + 8. Let h be w(0). Suppose 0 = -3*l + 2*l + h. Calculate the highest common factor of l and 40.
8
Let d(x) = 10*x. Let u be d(-1). Let w = u + 24. Calculate the greatest common divisor of w and 112.
14
Let d(v) = -8 + 12*v + 8. Let h be d(1). Calculate the greatest common divisor of 6 and h.
6
Suppose -192 = -4*g - 3*s, -3*g - s + 184 = g. Let t = g + -25. What is the highest common factor of t and 2?
2
Suppose -m = -4*m - 63. Let u be ((-77)/m)/(1/21). What is the highest common divisor of u and 7?
7
Suppose -3*d + c = -690, -2*d + 0*d + 4*c + 450 = 0. Calculate the greatest common factor of d and 21.
21
Let q = 19 + -9. Suppose 2*h - 5*a = 20, -a - a = -3*h + 30. What is the greatest common factor of h and q?
10
Suppose 5*m + t - 92 = 0, m = 4*m + t - 56. What is the greatest common divisor of m and 2?
2
Suppose 52 = 2*h + 2*h. Suppose -5*c = -3*a - c + 5, 5*a - 2*c - h = 0. Calculate the highest common factor of 33 and a.
3
Let l = 96 + -26. Let n(f) = 2*f**2 - 6*f - 6. Let m be n(5). Calculate the highest common factor of m and l.
14
Suppose 2*y - 4*l = -2*y + 16, 2 = -4*y - 2*l. Let f be y - 3 - (-30)/(-3). Let u be (-4)/3*126/f. What is the greatest common divisor of u and 7?
7
Let g be ((-2)/(-3))/(4/36). Suppose -4*a = -85 + 741. Let d = -110 - a. What is the greatest common divisor of g and d?
6
Suppose -67 = -4*w + 109. Suppose -m - 3*m = 4*z - w, -4*m + 2*z + 20 = 0. Calculate the highest common factor of 77 and m.
7
Suppose x - 4*x - 2*d = -44, -3*d = x - 24. Let f = -22 + 53. Let t be (-4)/(-10)*(f + -1). What is the greatest common divisor of t and x?
12
Suppose 2*l + 0*v + 5*v = 63, -l + 36 = 4*v. What is the greatest common factor of l and 6?
6
Suppose -146 = -7*j + 43. What is the greatest common factor of 3 and j?
3
Let b(u) = u**3 + 8*u**2 + 6*u - 1. Let q be b(-5). What is the highest common factor of q and 308?
44
Let g be (2*(-1)/(-6))/(7/231). Calculate the highest common factor of 88 and g.
11
Let h be 1445/34*16/10. What is the highest common factor of 17 and h?
17
Let l = 9 + -10. Let p be (0 - l) + 45/5. What is the highest common factor of 25 and p?
5
Let o = 19 - -40. Let j = o + -8. What is the greatest common factor of j and 17?
17
Let h be -2 + (-9 - 0)*84/(-18). What is the greatest common divisor of 8 and h?
8
Let z be 82/5 + (-4)/10. Suppose 4*j - 3*n = -7*n + 700, 0 = -j + 2*n + 178. Calculate the greatest common divisor of z and j.
16
Suppose 6*n - n = 10. Suppose 2*h = -n*h + 60. What is the greatest common divisor of h and 5?
5
Suppose -56 = 2*q + 2*q. Let k be 2*1*(-49)/q. Calculate the greatest common factor of k and 49.
7
Let t(u) = -22*u - 28. Let n be t(-4). Let y(r) = -r**2 - 10*r - 9. Let g = 9 - 16. Let h be y(g). What is the greatest common factor of h and n?
12
Let c be (-27)/(-6)*64/12. What is the highest common divisor of 36 and c?
12
Let d be 220/2 + (-28)/70*5. Suppose -4*n + 35 = b, b - 51 = -5*n - 7. Suppose n*q - 4*q - 60 = 0. What is the highest common divisor of q and d?
12
Let y = 5 - 8. Let b(o) = 3*o**2 - 3. Let g be b(y). What is the greatest common factor of g and 48?
24
Suppose 2*x + 3*x - 25 = 0. Suppose -v - o = 0, -x*v + 3*v + 4 = -2*o. Suppose 2*u - 4*u = -4. Calculate the greatest common factor of u and v.
1
Let t(l) = -5*l - 6. Let k be t(-6). What is the greatest common factor of k and 144?
24
Let z(g) = 6*g**2 + g + 2. Let o be z(2). Suppose p = 3*p - o. What is the highest common factor of p and 7?
7
Let k be 2/((-312)/(-76) + -4). Calculate the highest common factor of k and 171.
19
Suppose -25 = -0*x - 5*x. Suppose 0*u = 5*u - 680. Suppose u = x*f - 44. Calculate the greatest common factor of f and 54.
18
Let k = 113 + -80. Suppose 3*h + k = 6*h. Let r(s) = 3*s**2 - 6*s - 6. Let q be r(-5). What is the highest common factor of q and h?
11
Suppose -40 = 5*u - 870. Suppose 0*l + 2*d = 3*l - u, 57 = l + d. Let z(h) = 2*h + 16. Let g be z(-4). Calculate the greatest common factor of g and l.
8
Suppose d - 5040 = -13*d. Calculate the highest common divisor of 40 and d.
40
Let m = -18 + 34. Let i = 20 + -12. Calculate the greatest common divisor of m and i.
8
Suppose 5*u - 382 = 368. Calculate the greatest common divisor of u and 30.
30
Let k(f) = -9*f + 7. Let m be k(-3). What is the highest common divisor of m and 374?
34
Let i = -25 + 53. Suppose 5*h + i = 103. What is the greatest common factor of h and 15?
15
Suppose -5*u - 72 = -2*v, 4*v + u - 4*u = 144. Let r = -12 + v. What is the greatest common divisor of 16 and r?
8
Suppose -3*i - k = -4*k - 30, 0 = 2*i - 5*k - 17. Calculate the greatest common divisor of 11 and i.
11
Let l(d) = -d + 11. Let g be l(6). Suppose -6*h + 413 = g*k - 2*h, 3*k = 5*h + 233. What is the greatest common divisor of k and 9?
9
Suppose -g = 2*b - 4*g - 23, -5*b = 5*g - 95. Suppose 0 = -6*q + 149 + 91. What is the greatest common factor of q and b?
8
Let d = 34 - 10. Suppose 2*s - d = -s. What is the greatest common divisor of s and 4?
4
Suppose 0 = s - 3*y - 0*y + 5, -2*y + 4 = 0. Suppose -3*g = -4 + 1. Calculate the highest common factor of s and g.
1
Let y = -10 + 14. Let m(q) = 8*q**2 - 7*q + 4. Let f be m(y). Suppose 2*r = 4*r - 26. What is the greatest common divisor of f and r?
13
Let t be 2/7 - (-7048)/28. Let u = -99 + t. What is the greatest common divisor of u and 17?
17
Let g = 12 - 0. Let o(c) = c**3 + 4*c**2 - 7*c - 4. Suppose a - 20 = 5*a. Let s be o(a). Calculate the highest common factor of g and s.
6
Let m(s) = -3*s + s**2 + 2*s - 5 - s + s. Let u be m(4). Calculate the highest common factor of 49 and u.
7
Suppose -5*y + 130 = 4*l - 418, -l - 451 = -4*y. Let i = y + -159. Let u = 13 - i. Calculate the greatest common factor of u and 12.
12
Let o be 14/(-56) - 2/8*-41. What is the greatest common divisor of o and 70?
10
Let y(k) = -k**3 - 6*k**2 - 2*k - 8. Let r be y(-6). Suppose 0 = -p - r*p + 3*l - 2, -3*p - l + 10 = 0. Calculate the greatest common factor of 14 and p.
2
Let l = -9 - -17. Let i be l/3 - (-4)/(-6). Let m be 132/(-9)*6/(-4). What is the greatest common divisor of m and i?
2
Let n = -2 - -5. Let k be 1 + 4*-1*-2. Calculate the highest common factor of n and k.
3
Let x be -3*(-11)/2*2. Suppose 4*y - 6*y + 36 = 0. Let o = y - -4. Calculate the highest common factor of o and x.
11
Let u = 21 + -11. Suppose -80 = 2*d - 10*d. Calculate the highest common divisor of d and u.
10
Suppose 2*w = -w + 159. Let r = 93 - w. Calculate the greatest common divisor of 10 and 